 -2*k + 38 = 4*g, -g - 4*k = -5*k - 17. What are the prime factors of 3/g*-26*-2?
13
Suppose -4*i = 34 + 206. Let x = 98 + i. List the prime factors of x.
2, 19
Suppose -2*l + 215 = -7*l. Let y = l - -21. List the prime factors of y/(-5) - 6/(-10).
5
Let y(n) = 63*n**3 + 2*n**2 + 2*n + 1. Let u be y(-1). Let o = -30 - u. Suppose -4*c + o = 4*m, -m - 3*c + 0*c = -10. What are the prime factors of m?
7
Suppose -h = -2*b - 18, -75 = -4*h + 2*b - 9. Let w be (2 + -1 - 2) + h. Suppose -3 = z - w. List the prime factors of z.
2, 3
Let q(f) = -f**2 - 8*f + 7. Let v be q(-8). Suppose 0 = -4*h + 3*k + 86, -v*h + 70 = -3*h + 5*k. Let r = -10 + h. What are the prime factors of r?
2, 5
Let m = 7 + -3. List the prime factors of m.
2
Suppose 4*m - 9 = -f + 48, -5*f + 90 = 5*m. Suppose -2*h - 24 = 4*j, -4*j - h - 9 = 19. Let t = m + j. List the prime factors of t.
5
Let l = -13 + 15. Suppose 2*g = -g + q + 107, -l*q = 4*g - 146. What are the prime factors of g?
2, 3
Let l(b) = 2*b**2 - 4*b - 2. Let k be l(-4). Let z(d) = 2*d - 10. Let t be z(7). Suppose -4*q = -t*m - m + k, -2*m + 2*q = -18. What are the prime factors of m?
2, 5
Let g(h) = -h**3 - h**2 + h - 3. Let n be g(0). Let o = 6 - n. List the prime factors of o.
3
Suppose -s + 64 = -4*w - 0*w, 232 = 4*s - 4*w. Suppose g - 24 = 4*d + 10, 2*g + 4*d - s = 0. What are the prime factors of g?
2, 3, 5
Let o(n) = 6*n. Let h(t) be the second derivative of t**4/6 + t**3/6 - t**2/2 - 2*t. Let g be h(1). List the prime factors of o(g).
2, 3
Let x = -4 + 8. Suppose 0 = r + 4*b + 27, -5*b - 63 = x*r + 34. Let c = r - -35. List the prime factors of c.
2, 3
Suppose -75 = -s + 4*s. Let b = 4 + 2. What are the prime factors of b/8 - s/4?
7
Suppose -2*j + 3 = 1. Suppose 2*s - 5 = -j. Suppose -s - 7 = -3*n. List the prime factors of n.
3
Let s(l) = l**3 + l**2 - l - 2. Let x be s(0). Let a = 6 + x. Suppose 0*b + 5*b - k = 44, -a = k. What are the prime factors of b?
2
Let y(m) = -m - 2*m + 5 + m**2 + 6*m**3 + 0*m**3. What are the prime factors of y(2)?
3, 17
Suppose 4*j = -0*j + 24. Let f = -7 + j. What are the prime factors of f/(-3) - (-308)/21?
3, 5
Suppose i + 6*d = d + 66, 4*i - 5*d - 239 = 0. What are the prime factors of i?
61
Let i be (-6)/(6/(-2))*-12. Let r = -13 - i. What are the prime factors of r?
11
Let z(v) = v + 9. Let t be z(-7). Let m = t - -14. List the prime factors of m.
2
Suppose -10*o + 40 + 0 = 0. List the prime factors of o.
2
Let g = -1 + 2. Let n(q) = -q**3 + 7*q**2 + q - 1. Let w be n(7). Let a = g + w. What are the prime factors of a?
7
Suppose -4*b = -230 - 62. What are the prime factors of b?
73
Suppose -2*x + 230 = 22. What are the prime factors of x?
2, 13
Let k = 7 - 9. Let x(i) = -3*i**3 + 3*i + 1. What are the prime factors of x(k)?
19
Let j(l) = -l**2 + 14*l + 23. Let r be j(16). Let q(v) = -v + 6. What are the prime factors of q(r)?
3, 5
Suppose -d + 49 = 2*r, -d - d + 4*r = -106. What are the prime factors of d?
3, 17
Let n(b) = b**2 - 6*b + 9. What are the prime factors of n(5)?
2
Let y(r) = 2*r**2 - 3*r - 3. Let m(t) = -t - 12. Let p be m(-10). List the prime factors of y(p).
11
Suppose 3*j - 5 = 8*j. Let m be 2/2 + j + 0. Suppose m = 2*v + 2, -c - 3*v - 2 + 10 = 0. What are the prime factors of c?
11
Let v(l) = -35*l - 60. List the prime factors of v(-10).
2, 5, 29
Let b(u) = u**3 - 17*u**2 + 17*u + 21. What are the prime factors of b(16)?
37
Let h(v) be the first derivative of v**3/3 - 5*v**2/2 - 5*v - 2. Suppose 0 = l + 5*i + 18, 16 = 3*l - 0*l + i. List the prime factors of h(l).
3
Let o = 12 + -6. Let t = 10 - o. Suppose 0 = t*p + 8, -y - 7 = 4*p - 2. What are the prime factors of y?
3
Suppose 5 - 1 = 2*f. Let t(w) = -w. Let g be t(f). Let i = 2 - g. List the prime factors of i.
2
Let j = 3 + 38. What are the prime factors of j?
41
Let c(o) = -o**2 + 6*o + 6. Let y = -6 + -15. Let k be (-4)/(-14) + (-99)/y. What are the prime factors of c(k)?
11
Suppose -4*y - 22 = -t, 3*t = -0*t + 4*y + 34. Let l(f) = f + 4. List the prime factors of l(t).
2, 5
Suppose -450 = -5*s - 2*d - 3*d, 2*s + d - 180 = 0. Let b = -62 + s. List the prime factors of b.
2, 7
Let h be (6/2 - 13)*2. Let n be h/6*(-17 + -1). Suppose g + 4*g = n. What are the prime factors of g?
2, 3
Let w be (3/3)/((-2)/10). List the prime factors of 20/(-50) + (-77)/w.
3, 5
Let p = 15 - 10. List the prime factors of p.
5
Suppose 2*o = 6*o - 20. What are the prime factors of o?
5
Let l(t) = -15*t**3 - t**2 + t. Suppose 3*j = -j + 4. Let k be l(j). Let i = 24 + k. List the prime factors of i.
3
Let v(x) = x**2 - 7*x - 4. Let p be v(8). Let q be -1*3 - (-12 + p). Suppose 0 = q*f - 4*h - 50, -2*h + 20 = 2*f - 3*h. What are the prime factors of f?
2, 5
Suppose -12 = -4*c + 2*t, -3*t = 3*c - 7*c + 10. Suppose -2*x - 5*h = 31 - 85, 2*x = c*h + 18. List the prime factors of x.
17
Let v(s) = 0*s**2 + s + 2 + 19*s**2 + 6*s**2. What are the prime factors of v(-1)?
2, 13
Suppose -3*n - 7*c + 10*c + 438 = 0, -3*n - 3*c + 426 = 0. What are the prime factors of n?
2, 3
Suppose -16 = -c + 2*c - s, 2*c + 2*s + 16 = 0. What are the prime factors of 53/2 - 18/c?
2, 7
Let q = -18 + 20. Suppose q*g - 27 = 1. What are the prime factors of g?
2, 7
Let d be ((-52)/(0 + 2))/(-1). Let q = d + -15. List the prime factors of q.
11
Let n = 37 - 59. What are the prime factors of 53/3 + n/33?
17
Let t be -3 - 1/((-1)/6). What are the prime factors of (5/t)/((-6)/(-72))?
2, 5
Suppose 4*l + 4*d - 809 = 887, 2*d = -l + 422. What are the prime factors of l?
2, 3, 71
Suppose r + 3*m - 19 = 0, 0*r + 2*r - 13 = -m. Let o = 1 - r. Let d = o + 8. List the prime factors of d.
5
What are the prime factors of 6/4 + (-91)/(-2)?
47
Suppose 15 - 9 = 3*w. What are the prime factors of 6/(-2) - (-68)/w?
31
Suppose -12 = -0*r - 6*r. Suppose -2*l + 16 = -r*p + 104, -p + 74 = 5*l. List the prime factors of p.
7
Let x be (0 - 15)/(4/(-4)). Let c = 40 - x. List the prime factors of c.
5
Suppose 0 = -4*l + 68 + 4. Let x = l + 0. Suppose -n = -4*n + x. List the prime factors of n.
2, 3
Let g(w) = -1 - 5*w + 2*w**2 + 2 + 2. Let t be g(4). Let q = -8 + t. List the prime factors of q.
7
Let m(c) = -c + 31. List the prime factors of m(7).
2, 3
Suppose -5*w = -0*w - 3*q - 305, 4*w - 5*q = 244. List the prime factors of w.
61
Let w(p) = -23*p**2 - 9*p - 3. Let x(d) = -6*d**2 - 2*d - 1. Let u(y) = 2*w(y) - 9*x(y). List the prime factors of u(2).
5, 7
Let q(y) = -4*y - 1 + 2*y - 2. Let a be q(-2). List the prime factors of (4/10)/(a/5).
2
Let s(k) = -4 + 8 - k**2 + 0*k**2 - 4*k. Let n(u) = -u**2 - 11*u - 14. Let w be n(-10). List the prime factors of s(w).
2
Suppose 2*p + 4 - 10 = 0. What are the prime factors of p?
3
Let h be (-48)/(-10) - (-4)/20. Let g be 22 + (-1 - (-4 - -7)). Suppose h*s = -3*j + 35, -g = -2*j - 3*s + s. What are the prime factors of j?
5
Suppose -g + 0*g = -2. Suppose 0 = 4*u - 3*z - 92, 20 = 3*z + g*z. What are the prime factors of u?
2, 13
Let c = 109 + -48. Suppose 0 = 4*r - c - 23. Let m = r + -15. List the prime factors of m.
2, 3
Suppose a - 2 = 8. Let i = a + -1. List the prime factors of i.
3
Let a be 0 + 5 + (-6)/2. Suppose -3*m = -8*o + 4*o - 17, 2*o - 2 = -a*m. List the prime factors of m.
3
Let q be ((-4)/(-6))/((-1)/(-3)). Suppose 2 + 2 = -q*v. Let n(w) = -2*w**3 + w**2 + 2. What are the prime factors of n(v)?
2, 11
What are the prime factors of -190*(-9)/(180/8)?
2, 19
Let n be ((-6)/(-15))/(1/(-5)). Let w = n - -4. List the prime factors of w.
2
Suppose 0 = -2*q - 2*q - f - 22, -3*q - 2*f = 14. Let s = -4 - q. What are the prime factors of s?
2
Suppose 4*g = -0*g. Suppose 5*h - 5*r - 35 = 0, -3*h - 5*r - 3 + g = 0. Suppose -h*p = 5*k - 6 - 66, 0 = 5*p + 10. What are the prime factors of k?
2
Let k(v) = 3*v + 4. Let j be k(-4). Let s = -2 - j. List the prime factors of s.
2, 3
Let f(x) = 3. Let t(r) = -r - 3. Let l(s) = -5*f(s) - 4*t(s). Let p(a) = a - 1. Let n(w) = l(w) - 3*p(w). What are the prime factors of n(4)?
2
Let s = 93 - -60. What are the prime factors of s?
3, 17
Suppose 3*d - 16 = 7*d. List the prime factors of 24/14*(-28)/d.
2, 3
Suppose -g - 3*n + 12 = 0, 5*n = 3*g - 3 + 37. Let r be ((-51)/(-9))/(g/(-9)). Suppose 2*u + d - r = 6*d, 2*u + d - 35 = 0. What are the prime factors of u?
2
Let a = 62 - -23. What are the prime factors